of 12932?
3
What is the thousands digit of 46098?
6
What is the thousands digit of 3367?
3
What is the hundreds digit of 22475?
4
What is the units digit of 7655?
5
What is the units digit of 76462?
2
What is the tens digit of 6879?
7
What is the hundreds digit of 149846?
8
What is the units digit of 18027?
7
What is the hundreds digit of 3841?
8
What is the units digit of 29582?
2
What is the hundreds digit of 726?
7
What is the units digit of 37?
7
What is the thousands digit of 2953?
2
What is the tens digit of 22994?
9
What is the units digit of 2311?
1
What is the tens digit of 60667?
6
What is the hundreds digit of 34238?
2
What is the units digit of 3033?
3
What is the thousands digit of 1644?
1
What is the tens digit of 8949?
4
What is the hundreds digit of 755?
7
What is the ten thousands digit of 16517?
1
What is the thousands digit of 38960?
8
What is the tens digit of 309?
0
What is the units digit of 2919?
9
What is the hundreds digit of 2730?
7
What is the ten thousands digit of 179236?
7
What is the thousands digit of 17116?
7
What is the units digit of 1613?
3
What is the tens digit of 8272?
7
What is the hundreds digit of 17365?
3
What is the tens digit of 21693?
9
What is the tens digit of 1604?
0
What is the units digit of 5365?
5
What is the ten thousands digit of 10371?
1
What is the tens digit of 20639?
3
What is the tens digit of 78353?
5
What is the units digit of 1040?
0
What is the tens digit of 8014?
1
What is the tens digit of 5095?
9
What is the thousands digit of 35904?
5
What is the thousands digit of 1056?
1
What is the ten thousands digit of 14503?
1
What is the hundreds digit of 945?
9
What is the thousands digit of 2214?
2
What is the thousands digit of 6321?
6
What is the hundreds digit of 1033?
0
What is the tens digit of 16617?
1
What is the thousands digit of 3318?
3
What is the thousands digit of 1127?
1
What is the hundreds digit of 30040?
0
What is the units digit of 2773?
3
What is the thousands digit of 1396?
1
What is the hundreds digit of 1078?
0
What is the units digit of 6363?
3
What is the hundreds digit of 448?
4
What is the thousands digit of 1132?
1
What is the hundreds digit of 1471?
4
What is the thousands digit of 133871?
3
What is the hundreds digit of 453?
4
What is the tens digit of 7510?
1
What is the units digit of 43113?
3
What is the units digit of 1391?
1
What is the hundreds digit of 55283?
2
What is the units digit of 369?
9
What is the ten thousands digit of 11279?
1
What is the ten thousands digit of 12465?
1
What is the tens digit of 1057?
5
What is the tens digit of 4376?
7
What is the ten thousands digit of 54488?
5
What is the thousands digit of 20099?
0
What is the thousands digit of 6428?
6
What is the tens digit of 8202?
0
What is the tens digit of 30703?
0
What is the hundreds digit of 31726?
7
What is the hundreds digit of 104720?
7
What is the units digit of 7817?
7
What is the tens digit of 472?
7
What is the hundreds digit of 1063?
0
What is the tens digit of 1876?
7
What is the tens digit of 874?
7
What is the tens digit of 764?
6
What is the tens digit of 107631?
3
What is the units digit of 751?
1
What is the ten thousands digit of 29246?
2
What is the units digit of 5849?
9
What is the hundreds digit of 106574?
5
What is the tens digit of 1231?
3
What is the tens digit of 57?
5
What is the ten thousands digit of 51511?
5
What is the tens digit of 20413?
1
What is the thousands digit of 7225?
7
What is the ten thousands digit of 23270?
2
What is the units digit of 652?
2
What is the tens digit of 659?
5
What is the thousands digit of 148509?
8
What is the units digit of 24996?
6
What is the thousands digit of 2539?
2
What is the thousands digit of 2883?
2
What is the tens digit of 1100?
0
What is the tens digit of 743?
4
What is the units digit of 733?
3
What is the thousands digit of 2799?
2
What is the hundreds digit of 1715?
7
What is the hundreds digit of 30740?
7
What is the tens digit of 41037?
3
What is the units digit of 26625?
5
What is the tens digit of 2983?
8
What is the units digit of 11501?
1
What is the units digit of 767?
7
What is the hundreds digit of 5410?
4
What is the thousands digit of 95227?
5
What is the tens digit of 84?
8
What is the units digit of 1022?
2
What is the thousands digit of 1967?
1
What is the units digit of 4075?
5
What is the hundreds digit of 38786?
7
What is the tens digit of 2510?
1
What is the units digit of 3801?
1
What is the units digit of 105?
5
What is the tens digit of 1249?
4
What is the hundreds digit of 22867?
8
What is the thousands digit of 60599?
0
What is the tens digit of 16545?
4
What is the hundreds digit of 3264?
2
What is the tens digit of 8750?
5
What is the tens digit of 79663?
6
What is the units digit of 4329?
9
What is the units digit of 1295?
5
What is the units digit of 8637?
7
What is the hundreds digit of 4516?
5
What is the units digit of 47991?
1
What is the tens digit of 1409?
0
What is the thousands digit of 11019?
1
What is the hundreds digit of 2100?
1
What is the hundreds digit of 5050?
0
What is the hundreds digit of 2624?
6
What is the tens digit of 6637?
3
What is the hundreds digit of 3532?
5
What is the hundreds digit of 28944?
9
What is the hundreds digit of 52991?
9
What is the thousands digit of 2840?
2
What is the hundreds digit of 2081?
0
What is the tens digit of 8037?
3
What is the hundreds digit of 1257?
2
What is the hundreds digit of 3561?
5
What is the hundreds digit of 1685?
6
What is the tens digit of 769?
6
What is the units digit of 1417?
7
What is the hundreds digit of 41071?
0
What is the thousands digit of 1512?
1
What is the ten thousands digit of 25901?
2
What is the units digit of 2440?
0
What is the hundreds digit of 2112?
1
What is the units digit of 8689?
9
What is the hundreds digit of 5364?
3
What is the units digit of 2867?
7
What is the hundreds digit of 29445?
4
What is the ten thousands digit of 26007?
2
What is the thousands digit of 72378?
2
What is the tens digit of 5092?
9
What is the ten thousands digit of 24279?
2
What is the units digit of 2292?
2
What is the tens digit of 837?
3
What is the tens digit of 679?
7
What is the ten thousands digit of 16558?
1
What is the hundreds digit of 4056?
0
What is the tens digit of 509?
0
What is the tens digit of 8675?
7
What is the thousands digit of 12486?
2
What is the thousands digit of 24940?
4
What is the thousands digit of 1380?
1
What is the thousands digit of 2246?
2
What is the tens digit of 1101?
0
What is the units digit of 403?
3
What is the units digit of 867?
7
What is the hundred thousands digit of 113048?
1
What is the hundreds digit of 636?
6
What is the tens digit of 588?
8
What is the tens digit of 240?
4
What is the units digit of 1400?
0
What is the hundreds digit of 1134?
1
What is the thousands digit of 6373?
6
What is the tens digit of 2392?
9
What is the hundreds digit of 4356?
3
What is the thousands digit of 6525?
6
What is the tens digit of 5580?
8
What is the thousands digit of 4903?
4
What is the hundreds digit of 5903?
9
What is the tens digit of 730?
3
What is the units digit of 5?
5
What is the tens digit of 77719?
1
What is the tens digit of 4775?
7
What is the thousands digit of 4993?
4
What is the hundreds digit of 1674?
6
What is the thousands digit of 56177?
6
What is the tens digit of 93432?
3
What is the thousands digit of 31419?
1
What is the tens digit of 33909?
0
What is the tens digit of 1551?
5
What is the hundreds digit of 3422?
4
What is the hundreds digit of 26205?
2
What is the tens digit of 2126?
2
What is the units digit of 596?
6
What is the ten thousands digit of 25046?
2
What is the hundreds digit of 925?
9
What is the thousands digit of 1517?
1
What is the ten thousands digit of 16563?
1
What is the hundreds digit of 697?
6
What is the units digit of 116989?
9
What is the units digit of 267?
7
What is the hundreds digit of 567?
5
What is the hundreds digit of 18679?
6
What is the units digit of 91682?
2
What is the tens digit of 18410?
1
What is the hundreds digit of 135824?
8
What is the hundreds digit of 9576?
5
What is the tens digit of 707?
0
What is the thousands digit of 1132?
1
What is the tens digit of 954?
5
What is the hundreds digit of 